n base 9?
213
Convert 11 (base 9) to base 7.
13
What is -2 (base 3) in base 4?
-2
What is -10 (base 11) in base 10?
-11
-77 (base 15) to base 7
-220
Convert -3 (base 11) to base 2.
-11
Convert 49 (base 10) to base 14.
37
41 (base 8) to base 4
201
Convert -71 (base 13) to base 3.
-10102
Convert -21 (base 9) to base 8.
-23
What is b (base 13) in base 7?
14
Convert 13 (base 9) to base 8.
14
Convert 100 (base 3) to base 4.
21
10201 (base 3) to base 11
91
What is -3 (base 10) in base 14?
-3
d (base 14) to base 2
1101
Convert 1 (base 10) to base 2.
1
Convert 1011 (base 2) to base 9.
12
Convert -5b (base 15) to base 5.
-321
What is 4 (base 9) in base 5?
4
-11b (base 14) to base 12
-165
-413 (base 5) to base 10
-108
What is 30 (base 16) in base 5?
143
What is 10 (base 3) in base 15?
3
Convert -8 (base 11) to base 7.
-11
What is -121 (base 5) in base 10?
-36
11100 (base 2) to base 10
28
-3 (base 12) to base 13
-3
-110 (base 2) to base 4
-12
8 (base 16) to base 13
8
Convert -8 (base 12) to base 15.
-8
-61 (base 7) to base 14
-31
Convert 5a (base 16) to base 15.
60
What is -1 (base 3) in base 10?
-1
What is 10 (base 7) in base 11?
7
-60 (base 16) to base 11
-88
3 (base 9) to base 13
3
Convert -2102 (base 3) to base 8.
-101
What is -3 (base 10) in base 11?
-3
-a (base 16) to base 9
-11
What is -3 (base 13) in base 16?
-3
-14 (base 13) to base 5
-32
What is 2 (base 13) in base 10?
2
What is 1 (base 10) in base 16?
1
Convert 7 (base 16) to base 14.
7
What is 3 (base 11) in base 13?
3
c0 (base 13) to base 7
312
What is 11 (base 9) in base 2?
1010
Convert -a3 (base 13) to base 6.
-341
-10 (base 2) to base 15
-2
Convert -9 (base 13) to base 7.
-12
Convert 10 (base 13) to base 3.
111
-8 (base 13) to base 2
-1000
What is 12 (base 9) in base 10?
11
20 (base 3) to base 5
11
23 (base 10) to base 6
35
Convert -6 (base 8) to base 10.
-6
What is 4 (base 16) in base 12?
4
-3 (base 6) to base 5
-3
-41 (base 10) to base 13
-32
What is -2 (base 13) in base 5?
-2
-3 (base 8) to base 13
-3
62 (base 12) to base 10
74
Convert 1044 (base 6) to base 4.
3310
Convert -3 (base 16) to base 11.
-3
What is -202 (base 11) in base 7?
-466
-44 (base 7) to base 2
-100000
What is -5 (base 13) in base 15?
-5
2 (base 6) to base 7
2
-10 (base 16) to base 14
-12
-2 (base 14) to base 3
-2
Convert 1021 (base 5) to base 13.
a6
What is -3 (base 14) in base 15?
-3
What is 23 (base 7) in base 14?
13
What is 202 (base 3) in base 10?
20
Convert -302 (base 4) to base 3.
-1212
-2 (base 5) to base 6
-2
Convert 7 (base 8) to base 13.
7
0 (base 12) to base 14
0
Convert -104 (base 13) to base 12.
-125
30 (base 7) to base 6
33
What is -2 (base 9) in base 16?
-2
4 (base 14) to base 3
11
13 (base 5) to base 15
8
What is 2 (base 8) in base 5?
2
-140 (base 10) to base 3
-12012
-11 (base 11) to base 4
-30
What is -2 (base 9) in base 5?
-2
-111001 (base 2) to base 3
-2010
Convert 11 (base 15) to base 11.
15
Convert 323 (base 4) to base 10.
59
7 (base 9) to base 4
13
Convert -11 (base 2) to base 12.
-3
-1 (base 14) to base 9
-1
What is 10220 (base 3) in base 2?
1101001
83 (base 16) to base 10
131
Convert -101110 (base 2) to base 3.
-1201
What is 8 (base 11) in base 14?
8
9 (base 13) to base 10
9
Convert 100111011 (base 2) to base 4.
10323
c (base 13) to base 10
12
What is 4 (base 11) in base 12?
4
Convert -9a (base 14) to base 5.
-1021
What is 1101 (base 2) in base 4?
31
What is 220 (base 3) in base 6?
40
What is 3 (base 12) in base 6?
3
What is -1101 (base 2) in base 6?
-21
What is -44 (base 10) in base 5?
-134
What is 4 (base 6) in base 15?
4
What is 20010 (base 3) in base 6?
433
What is 23 (base 4) in base 9?
12
What is -2 (base 8) in base 9?
-2
Convert 34 (base 7) to base 6.
41
What is -11 (base 5) in base 12?
-6
Convert -101100 (base 2) to base 15.
-2e
Convert 1 (base 15) to base 2.
1
1 (base 7) to base 4
1
What is -1 (base 8) in base 6?
-1
-7 (base 12) to base 7
-10
Convert -59 (base 16) to base 11.
-81
What is 9 (base 14) in base 8?
11
What is 121 (base 3) in base 9?
17
What is 1 (base 5) in base 16?
1
What is 30 (base 7) in base 9?
23
Convert 111 (base 3) to base 14.
d
What is 222 (base 4) in base 3?
1120
Convert -10 (base 3) to base 14.
-3
What is 10 (base 3) in base 15?
3
What is -5 (base 9) in base 11?
-5
Convert -4 (base 7) to base 15.
-4
Convert 48 (base 9) to base 5.
134
0 (base 8) to base 5
0
What is -5 (base 15) in base 6?
-5
-12 (base 12) to base 15
-e
3 (base 9) to base 15
3
-1 (base 4) to base 6
-1
Convert -210 (base 3) to base 15.
-16
-3 (base 11) to base 14
-3
What is 30 (base 10) in base 3?
1010
Convert -4b (base 12) to base 11.
-54
252 (base 6) to base 10
104
What is 1 (base 12) in base 2?
1
What is 47 (base 10) in base 2?
101111
Convert -3 (base 12) to base 3.
-10
Convert -4 (base 8) to base 10.
-4
Convert 56 (base 9) to base 11.
47
Convert 70 (base 15) to base 7.
210
What is 24 (base 6) in base 16?
10
192 (base 14) to base 5
2244
Convert -10 (base 2) to base 7.
-2
Convert -20 (base 5) to base 15.
-a
What is 72 (base 8) in base 2?
111010
4e (base 16) to base 8
116
1134 (base 5) to base 2
10101001
b (base 15) to base 7
14
3 (base 16) to base 14
3
What is -5d (base 16) in base 14?
-69
What is 0 (base 2) in base 14?
0
-142 (base 6) to base 16
-3e
What is -59 (base 13) in base 15?
-4e
Convert 10011 (base 2) to base 6.
31
1111 (base 5) to base 8
234
-110001 (base 2) to base 8
-61
-4 (base 12) to base 14
-4
What is 110 (base 5) in base 8?
36
What is -424 (base 5) in base 14?
-82
What is 123 (base 7) in base 8?
102
What is -17 (base 12) in base 8?
-23
Convert 1ac (base 14) to base 5.
2343
1c9 (base 13) to base 8
516
Convert 1 (base 16) to base 11.
1
Convert -100010 (base 2) to base 7.
-46
What is -16 (base 16) in base 2?
-10110
What is 124 (base 9) in base 6?
251
-4 (base 7) to base 10
-4
3 (base 7) to base 4
3
2 (base 3) to base 16
2
72 (base 12) to base 8
126
Convert -b6 (base 16) to base 4.
-2312
2 (base 4) to base 6
2
-66 (base 8) to base 9
-60
What is -2302 (base 4) in base 7?
-343
Convert -203 (base 5) to base 6.
-125
Convert 102 (base 3) to base 9.
12
Convert 149 (base 11) to base 13.
105
Convert -3 (base 7) to base 10.
-3
What is -33 (base 14) in base 4?
-231
Convert b9 (base 12) to base 15.
96
7 (base 8) to base 9
7
-2123 (base 4) to base 5
-1110
Convert -1 (base 6) to base 5.
-1
-236 (base 7) to base 12
-a5
Convert 32 (base 10) to base 3.
1012
Convert 23 (base 9) to base 14.
17
What is 142 (base 12) in base 15?
ce
71 (base 14) to base 6
243
What is 33 (base 8) in base 12?
23
10030 (base 4) to base 3
100221
10 (base 6) to base 5
11
Convert 144 (base 6) to base 9.
71
-14 (base 7) to base 6
-15
-110 (base 2) to base 12
-6
What is 6 (base 9) in base 15?
6
-110 (base 2) to base 9
-6
b0 (base 15) to base 16
a5
-10 (base 4) to base 15
-4
-66 (base 11) to base 16
-48
Convert -10001 (base 2) to base 3.
-122
What is -20 (base 3) in base 10?
-6
Convert -22 (base 3) to base 11.
-8
Convert 3 (base 16) to base 15.
3
158 (base 10) to base 12
112
10122 (base 3) to base 14
70
What is 22 (base 5) in base 10?
12
What is 1102 (base 5) in base 4?
2120
What is a (base 12) in base 2?
1010
Convert -76 (base 10) to base 7.
-136
Convert -11 (base 11) to base 10.
-12
Convert 7 (base 9) to base 5.
12
What is 185 (base 16) in base 7?
1064
Convert -37 (base 11) to base 4.
-220
What is 5 (base 11) in base 10?
5
Convert 4 (base 7) to base 14.
4
-102 (base 3) to base 13
-b
What is -1d (base 14) in base 2?
-11011
2 (base 14) to base 11
2
What is -3011 (base 5) in base 14?
-1d3
3b (base 12) to base 15
32
342 (base 6) to base 10
134
-311 (base 4) to base 2
-110101
Convert -13 (base 6) to base 2.
-1001
Convert 21 (base 12) to base 6.
41
-1 (base 16) to base 11
-1
What is -1 (base 15) in base 2?
-1
3 (base 5) to base 16
3
What is -311 (base 4) in base 7?
-104
-201 (base 3) to base 4
-103
What is -43 (base 5) in base 2?
-10111
-10010 (base 2) to base 8
-22
What is 0 (base 14) in base 13?
0
What is -64 (base 15) in base 2?
-1011110
Convert -2 (base 11) to base 3.
-2
Convert -100 (base 2) to base 4.
-10
What is 1 (base 9) in base 5?
1
What is 6 (base 8) in base 10?
6
205 (base 6) to base 12
65
-136 (base 11) to base 5
-1120
Convert 1 (base 7) to base 9.
1
What is 28 (base 12) in base 11?
2a
What is -5 (base 6) in base 9?
-